{"id":290,"date":"2020-04-30T11:39:59","date_gmt":"2020-04-30T09:39:59","guid":{"rendered":"http:\/\/www.tesorivallesanclemente.it\/?page_id=290"},"modified":"2020-04-30T11:40:00","modified_gmt":"2020-04-30T09:40:00","slug":"costa-magica-ad-ancona-perche","status":"publish","type":"page","link":"https:\/\/www.tesorivallesanclemente.it\/?page_id=290","title":{"rendered":"COSTA MAGICA AD ANCONA. PERCHE?"},"content":{"rendered":"\n<figure class=\"wp-block-image size-large\"><img loading=\"lazy\" decoding=\"async\" width=\"1024\" height=\"309\" src=\"http:\/\/www.tesorivallesanclemente.it\/wp-content\/uploads\/2020\/04\/Capture-1024x309.jpg\" alt=\"\" class=\"wp-image-243\" srcset=\"https:\/\/www.tesorivallesanclemente.it\/wp-content\/uploads\/2020\/04\/Capture-1024x309.jpg 1024w, https:\/\/www.tesorivallesanclemente.it\/wp-content\/uploads\/2020\/04\/Capture-300x91.jpg 300w, https:\/\/www.tesorivallesanclemente.it\/wp-content\/uploads\/2020\/04\/Capture-768x232.jpg 768w, https:\/\/www.tesorivallesanclemente.it\/wp-content\/uploads\/2020\/04\/Capture.jpg 1156w\" sizes=\"auto, (max-width: 1024px) 100vw, 1024px\" \/><\/figure>\n\n\n\n<p><strong>COMUNICATO STAMPA<\/strong><\/p>\n\n\n\n<figure class=\"wp-block-image size-large\"><img loading=\"lazy\" decoding=\"async\" width=\"810\" height=\"396\" src=\"http:\/\/www.tesorivallesanclemente.it\/wp-content\/uploads\/2020\/04\/nave.jpg\" alt=\"\" class=\"wp-image-267\" srcset=\"https:\/\/www.tesorivallesanclemente.it\/wp-content\/uploads\/2020\/04\/nave.jpg 810w, https:\/\/www.tesorivallesanclemente.it\/wp-content\/uploads\/2020\/04\/nave-300x147.jpg 300w, https:\/\/www.tesorivallesanclemente.it\/wp-content\/uploads\/2020\/04\/nave-768x375.jpg 768w\" sizes=\"auto, (max-width: 810px) 100vw, 810px\" \/><\/figure>\n\n\n\n<p>E\u2019di ieri la notizia che la nave Costa Magica del Gruppo Carnival Corporation &amp; plc, con 120<br>marittimi dell\u2019equipaggio positivi al COV|D19, attraccher\u00e0 a fine settimana in Ancona invece<br>che al suo porto naturale di destinazione Savona, dove Costa Crociere ha il suo home port.<br>Sempre dalla stampa si apprende che altri sette porti sarebbero gi\u00e0 pieni di navi da crociera e<br>che idue porti di Cagliari e Napoli abbiano rifiutato l\u2019attracco.<br>Fermo rimanendo il fatto che l\u2019equipaggio da qualche pa\u00c9e debba sbarcare e che gli debba<br>essere garantita l\u2019assistenza sanitaria in ogni caso, \u00e8 curioso che la scelta della ministra De<br>Micheli sia caduta su Ancona quando lungo la rotta vi sono altri porti come Palermo o<br>nell\u2019Adriatico Bari pi\u00f9 vicini alla attuale posizione della nave (Marocco).<br>La nave da oltre 100.000 tonnellate, senza pi\u00f9 equipaggio rimarr\u00e0 in porto? Ed a motori<br>spenti (si spera)? E fino a quando?<br>La scelta di aver accettato I\u2019attracco sembra ricadere sul sindaco di Ancona e sul presidente<br>della Regione Marche che sar\u00e0nno responsabili a questo punto, di quel che potr\u00e0 accadere.<br>Ci auguriamo che saranno prese tutte le misure necessarie per garantire in sicurezza lo<br>sbarco e I\u2019assistenza sanitaria al personale marittimo, tutelando nel contempo la salute<br>pubblica.<\/p>\n\n\n\n<p>IL CONSIGLIO DIRETTIVO<\/p>\n","protected":false},"excerpt":{"rendered":"<p>COMUNICATO STAMPA E\u2019di ieri la notizia che la nave Costa Magica del Gruppo Carnival Corporation &amp; plc, con 120marittimi dell\u2019equipaggio positivi al COV|D19, attraccher\u00e0 a fine settimana in Ancona inveceche al suo porto naturale di destinazione Savona, dove Costa Crociere ha il suo home port.Sempre dalla stampa si apprende che altri sette porti sarebbero gi\u00e0 [&hellip;]<\/p>\n","protected":false},"author":1,"featured_media":0,"parent":0,"menu_order":0,"comment_status":"closed","ping_status":"closed","template":"","meta":{"vkexunit_cta_each_option":"","footnotes":""},"class_list":["post-290","page","type-page","status-publish","hentry"],"_links":{"self":[{"href":"https:\/\/www.tesorivallesanclemente.it\/index.php?rest_route=\/wp\/v2\/pages\/290","targetHints":{"allow":["GET"]}}],"collection":[{"href":"https:\/\/www.tesorivallesanclemente.it\/index.php?rest_route=\/wp\/v2\/pages"}],"about":[{"href":"https:\/\/www.tesorivallesanclemente.it\/index.php?rest_route=\/wp\/v2\/types\/page"}],"author":[{"embeddable":true,"href":"https:\/\/www.tesorivallesanclemente.it\/index.php?rest_route=\/wp\/v2\/users\/1"}],"replies":[{"embeddable":true,"href":"https:\/\/www.tesorivallesanclemente.it\/index.php?rest_route=%2Fwp%2Fv2%2Fcomments&post=290"}],"version-history":[{"count":1,"href":"https:\/\/www.tesorivallesanclemente.it\/index.php?rest_route=\/wp\/v2\/pages\/290\/revisions"}],"predecessor-version":[{"id":292,"href":"https:\/\/www.tesorivallesanclemente.it\/index.php?rest_route=\/wp\/v2\/pages\/290\/revisions\/292"}],"wp:attachment":[{"href":"https:\/\/www.tesorivallesanclemente.it\/index.php?rest_route=%2Fwp%2Fv2%2Fmedia&parent=290"}],"curies":[{"name":"wp","href":"https:\/\/api.w.org\/{rel}","templated":true}]}}